*t - k*f - 92, 3*t - 58 = -f. Calculate the remainder when 92 is divided by t.
16
Let u be 0 + (1 - 0)*(6 - 6). Suppose 5*v = k + 550, 5*v + u*v = -4*k + 575. Calculate the remainder when v is divided by 28.
27
Let g = 16 + -12. Let r be 119/28 + (-1)/g. Suppose -1 = 4*x + 5*c - 6, -r*x + 23 = -c. What is the remainder when x is divided by 2?
1
Let m = -12 + 14. Let o(r) = 4*r**m + 1 + 7*r + 3 + 4*r - 3*r**2. What is the remainder when 18 is divided by o(-11)?
2
Let w be -102*(2 + 8/(-6)). Let f = -38 - w. Let k(v) = -2*v**2 + 16*v - 13. Calculate the remainder when f is divided by k(6).
8
Let d(g) = 0 + 1 - g + 11*g. Let b be d(-1). Let y(u) = u**2 + 6*u - 18. Calculate the remainder when y(b) is divided by 4.
1
Suppose -3*y = -y - t - 1335, -4*y - t = -2685. What is the remainder when y is divided by 32?
30
Calculate the remainder when 1973/5 + 36/90 is divided by 10.
5
Suppose 6*k = 77 - 11. What is the remainder when 21 is divided by k?
10
Let c(r) = 116*r**2 + 2*r - 3. Let s be c(1). Suppose 0 = 3*w, 2*w - 17 = -4*j + s. What is the remainder when j is divided by 17?
16
Suppose 8*d = 3*d - 105. Calculate the remainder when (-1)/7 - 2124/d is divided by 26.
23
Let s = -64 - -40. Let m = s + 48. Let f = -1 + m. Calculate the remainder when 67 is divided by f.
21
Let y = 208 - 170. What is the remainder when 146 is divided by y?
32
Suppose -2*u - 16 = -3*u. Let t = 194 - 100. Suppose t = 2*d + b, -3*d = -4*d + 3*b + 33. What is the remainder when d is divided by u?
13
Let s(b) = 42*b**3 + 2*b - 2. Let x be s(1). Let z = x - 12. Calculate the remainder when z is divided by 8.
6
Suppose -416 = -4*i + 120. What is the remainder when i is divided by 17?
15
Suppose 5*q + 0*d - 595 = 5*d, 2*d = 4. Calculate the remainder when 616 is divided by q.
11
Let u(h) = -6*h + 2. Let j(t) = -5*t + 2. Let i(k) = -4*j(k) + 3*u(k). What is the remainder when ((-153)/6)/(-3) - (-3)/2 is divided by i(4)?
4
Suppose -3*g - 3*w = -5*g + 36, 36 = 4*g + 3*w. Suppose 20*m - 24*m = -4*y - 128, -15 = -5*y. Calculate the remainder when m is divided by g.
11
Suppose -2*c - 5*n = 24, c - 2*c + 3*n + 10 = 0. Let k = -85 - -104. What is the remainder when k is divided by (-2 - 8)*c/4?
4
Suppose 18*u = 20*u - 2412. Suppose -4*s + i = -u + 139, 2*s - 538 = 2*i. Suppose 4*p - s = v, 3*v + 5 = -1. Calculate the remainder when p is divided by 18.
12
Suppose 6 = -x + 16. Suppose 0 = t + 1, -3*t + x = h - 12. Let i = 24 - 17. Calculate the remainder when h is divided by i.
4
Let j = -47 - -74. Let t be 1 + 6/(-4)*(-8)/4. Suppose -t*x = 2*x - 36. Calculate the remainder when j is divided by x.
3
Suppose 7 = -0*c + c. Calculate the remainder when (-564)/18*(0 + 3/(-2)) is divided by c.
5
Calculate the remainder when (-83 - -75) + -412*(0 + -1) is divided by 9.
8
Let u = -61 - -108. Let g be (12/18)/(4/222). Let t = -12 + g. Calculate the remainder when u is divided by t.
22
Suppose x + 8 = -3*z, -8*x = z - 3*x + 26. Suppose 3*a = -5 + 35. Let l = a - z. Calculate the remainder when l is divided by 7.
4
Let l = -1349 + 1365. What is the remainder when 135 is divided by l?
7
Let l(j) = -5*j + j + 2*j - 3. Let k be l(-2). Let t(c) = 50*c**3 + 2*c**2 - 2*c + 1. Calculate the remainder when t(k) is divided by 27.
24
Let q(c) = 3*c + 2. Let k(l) = 2*l + 2. Let x(i) = 5*k(i) - 4*q(i). What is the remainder when 10 is divided by x(-2)?
4
Let y = -1096 + 1099. What is the remainder when 32 is divided by y?
2
Suppose -31*o - 12 = -32*o. Suppose 15*x = o*x + 114. Calculate the remainder when x is divided by 13.
12
Suppose 394 = 4*f - 2*j, -504 = -4*f - 4*j - 128. What is the remainder when f is divided by 18?
7
Suppose 0 = -t + 2. Calculate the remainder when 49 is divided by (17/t)/((77/14)/11).
15
Let t = 342 + -270. Calculate the remainder when t is divided by 7.
2
Let i(c) = 21*c**2 + c + 1. Let m(q) = 3*q**2 - 5*q + 10. Let t be m(5). What is the remainder when t - 2 - (3 - 6) is divided by i(-1)?
19
Calculate the remainder when (-15)/(10 - 5) - (-147 + -1) is divided by 32.
17
Suppose 765 = 10*b - 225. Calculate the remainder when 100 is divided by b.
1
Suppose 6 = 8*j - 10. Calculate the remainder when (-3 + 36/15)*-15 is divided by j.
1
Let h = 74 - 106. Let i(b) = b**2 - 7*b + 7. Let x be i(8). Let y = x - h. Calculate the remainder when y is divided by 24.
23
Let x = -21 + 24. Suppose 35 = 2*f + f + h, -4*f + 64 = -x*h. What is the remainder when 37 is divided by f?
11
Let o(s) = 3*s + 17. Let l(x) = -x - 8. Let n(g) = -5*l(g) - 2*o(g). Let w be n(6). What is the remainder when 55 is divided by 52/4 + 1 + w?
13
Suppose -i + 14 = -0*i. What is the remainder when (-99)/(-27)*9 + 7 is divided by i?
12
Suppose 4*g + g = 200. Suppose -2*t + 70 = -g. What is the remainder when t is divided by 19?
17
Calculate the remainder when 46 + -2 + 0 - (-64 + 71) is divided by 2/(-8) + (-162)/(-8).
17
Suppose 222 = j + 5*u, -2*j + 40*u + 444 = 41*u. Calculate the remainder when j is divided by 74.
0
Suppose a - 34 = -t - a, 5*t - 218 = 2*a. Calculate the remainder when t is divided by 23.
19
Let f = -26 + 20. Let v = 10 + f. Calculate the remainder when 9 is divided by v.
1
Let a(h) = -5*h**3 + 10*h**2 - 12*h - 13. Let m(j) = j**3 + j. Let s(g) = -a(g) - 4*m(g). Calculate the remainder when s(9) is divided by 2/3*117/78.
0
Let b = 2313 - 2219. Calculate the remainder when b is divided by 35.
24
Suppose -369 - 26 = -5*q. What is the remainder when q is divided by 20?
19
Calculate the remainder when 272 is divided by 146/(11 - (-63)/(-7)).
53
Suppose -2*x - l = -0*l - 3, 0 = 2*x - 4*l - 18. Suppose -4*r = -x*t - t + 32, t + 3*r + 4 = 0. Let f = -5 - -17. What is the remainder when f is divided by t?
2
Let h = -77 + 149. Let i = 308 - 292. What is the remainder when h is divided by i?
8
Let n = 651 - 613. Calculate the remainder when n is divided by 12.
2
Calculate the remainder when 7/((-462)/(-12420)) - 20/110 is divided by 10.
8
Let j = 503 + -477. Calculate the remainder when 142 is divided by j.
12
Suppose -3*s - 3*v = -15, v + 1 + 19 = 4*s. Let z(i) = -2*i - 9. What is the remainder when z(-8) is divided by s?
2
Let k = -14 + 7. Let d = k + 22. Suppose -20 = -5*n + d. Calculate the remainder when 19 is divided by n.
5
Let i(o) = -o**3 - o**2 + 4*o - 3. Let p = -20 - -16. Calculate the remainder when i(p) is divided by 8*(-1 + (6 - 3)).
13
Let y = 658 + -623. What is the remainder when y is divided by 12?
11
Suppose -5*a + 398 - 135 = 4*t, 249 = 5*a - 3*t. Calculate the remainder when a is divided by 13.
12
What is the remainder when 183/2*(-2 + -2 - -6) is divided by 49?
36
Let r(c) = -2*c - 19. Let k be r(-11). Suppose 5*t + 7 = v - 9, k*t = 3. What is the remainder when 56 is divided by v?
14
Let u(y) = y**3 - 4*y**2 - 2*y + 3. Let p be u(5). Let f be 4/p + (-762)/27. Let n = -9 - f. Calculate the remainder when 55 is divided by n.
17
Calculate the remainder when 50 is divided by 10/(-400)*-8 + (-34)/(-5).
1
Suppose 6*g + 17*g - 640 = 13*g. Calculate the remainder when g is divided by ((-21)/(-2) - 2)*2.
13
Suppose 4*v + 124 = 3*q - 0*q, 3*v = -3. Suppose q = 3*d - 41. Suppose -36*i + 39*i = 30. Calculate the remainder when d is divided by i.
7
Suppose 4*i - 2 = -3*k, -1 = -k - 3. Suppose 0 = 3*o - 47 + 26. What is the remainder when o is divided by i?
1
Let d = -101 - -111. What is the remainder when 48 is divided by d?
8
Calculate the remainder when 47 is divided by ((-10)/7)/(86/(-301)).
2
Let s = 234 - 201. What is the remainder when s is divided by 13?
7
Suppose 0 = -2*w + 5*u + 21, u = -w - 0*u. Suppose 2 = -2*c, w*a + 5*c = -0*a + 34. Calculate the remainder when a is divided by -12*(0 + (-9)/12).
4
Suppose -56*m - 2585 = -67*m. Calculate the remainder when m is divided by 34.
31
Let r be -4 - 143/1 - -1. Let g = r - -205. What is the remainder when g is divided by 17?
8
Let w(n) = n**3 + 3*n**2 + 2. Let i be w(-3). Suppose 24 = -2*p - 0*u - i*u, -2*u = 0. Let t = p - -36. Calculate the remainder when t is divided by 13.
11
Let q = -3 - -7. Suppose 2*p = 3*z + 4*p - 66, 5*p = -q*z + 95. Calculate the remainder when z is divided by 11.
9
Let d(c) = c**2 + 7*c + 5. Let r be d(-12). Let a = -27 + r. Calculate the remainder when a is divided by 10.
8
Let w(a) = -3*a**2 - 7*a + a**3 + 3*a*